6?
4
What is the millions digit of 14508623?
4
What is the hundred thousands digit of 197188?
1
What is the tens digit of 2378877?
7
What is the millions digit of 19242079?
9
What is the ten thousands digit of 504664?
0
What is the thousands digit of 549662?
9
What is the tens digit of 420651?
5
What is the tens digit of 915255?
5
What is the hundreds digit of 1335732?
7
What is the units digit of 39578?
8
What is the hundreds digit of 1076736?
7
What is the ten thousands digit of 5636103?
3
What is the hundreds digit of 473836?
8
What is the thousands digit of 164096?
4
What is the hundred thousands digit of 2006957?
0
What is the thousands digit of 1154708?
4
What is the units digit of 1472111?
1
What is the ten thousands digit of 34367?
3
What is the units digit of 6866636?
6
What is the hundred thousands digit of 3070776?
0
What is the tens digit of 195555?
5
What is the tens digit of 1811285?
8
What is the thousands digit of 311802?
1
What is the hundreds digit of 4418935?
9
What is the units digit of 885516?
6
What is the thousands digit of 63047?
3
What is the ten thousands digit of 41563?
4
What is the hundred thousands digit of 304645?
3
What is the hundreds digit of 1617642?
6
What is the hundreds digit of 47423?
4
What is the tens digit of 639405?
0
What is the tens digit of 5126975?
7
What is the ten thousands digit of 431626?
3
What is the hundreds digit of 253782?
7
What is the units digit of 866205?
5
What is the units digit of 3500006?
6
What is the thousands digit of 41889?
1
What is the units digit of 457633?
3
What is the tens digit of 451221?
2
What is the thousands digit of 10880293?
0
What is the ten thousands digit of 2463993?
6
What is the thousands digit of 1816645?
6
What is the thousands digit of 24282?
4
What is the hundreds digit of 527542?
5
What is the hundreds digit of 24932113?
1
What is the thousands digit of 1596348?
6
What is the ten thousands digit of 628327?
2
What is the units digit of 19451300?
0
What is the tens digit of 270634?
3
What is the ten thousands digit of 262873?
6
What is the tens digit of 288468?
6
What is the units digit of 504897?
7
What is the hundreds digit of 17692365?
3
What is the tens digit of 14429190?
9
What is the ten thousands digit of 552984?
5
What is the hundred thousands digit of 8782844?
7
What is the thousands digit of 5493101?
3
What is the tens digit of 1642390?
9
What is the hundred thousands digit of 256176?
2
What is the ten thousands digit of 114301?
1
What is the thousands digit of 1796521?
6
What is the tens digit of 1139157?
5
What is the hundred thousands digit of 409418?
4
What is the millions digit of 3328233?
3
What is the hundreds digit of 160930?
9
What is the hundred thousands digit of 582864?
5
What is the ten thousands digit of 177925?
7
What is the thousands digit of 545815?
5
What is the hundred thousands digit of 607270?
6
What is the thousands digit of 633040?
3
What is the ten thousands digit of 56915?
5
What is the thousands digit of 7215808?
5
What is the units digit of 234777?
7
What is the tens digit of 504441?
4
What is the thousands digit of 23469?
3
What is the units digit of 1954033?
3
What is the tens digit of 115282?
8
What is the millions digit of 1784663?
1
What is the ten thousands digit of 352068?
5
What is the ten thousands digit of 327776?
2
What is the thousands digit of 6286572?
6
What is the ten thousands digit of 30616523?
1
What is the ten thousands digit of 7443638?
4
What is the ten thousands digit of 3670908?
7
What is the hundred thousands digit of 351470?
3
What is the hundreds digit of 893424?
4
What is the hundreds digit of 1076636?
6
What is the hundred thousands digit of 8784138?
7
What is the thousands digit of 5779221?
9
What is the units digit of 2427115?
5
What is the hundred thousands digit of 550004?
5
What is the ten thousands digit of 259243?
5
What is the ten thousands digit of 80357?
8
What is the hundred thousands digit of 254876?
2
What is the tens digit of 4240145?
4
What is the hundreds digit of 1824754?
7
What is the ten millions digit of 30578591?
3
What is the units digit of 17041175?
5
What is the hundred thousands digit of 905795?
9
What is the ten thousands digit of 8307459?
0
What is the tens digit of 314327?
2
What is the hundred thousands digit of 2137347?
1
What is the hundred thousands digit of 2115680?
1
What is the units digit of 421354?
4
What is the hundreds digit of 7388936?
9
What is the thousands digit of 168902?
8
What is the ten thousands digit of 1424496?
2
What is the hundreds digit of 147556?
5
What is the hundred thousands digit of 17603583?
6
What is the thousands digit of 520595?
0
What is the millions digit of 12580529?
2
What is the hundred thousands digit of 3627632?
6
What is the tens digit of 5804525?
2
What is the millions digit of 1926801?
1
What is the hundreds digit of 4887448?
4
What is the tens digit of 9130022?
2
What is the ten thousands digit of 153770?
5
What is the hundred thousands digit of 1773423?
7
What is the thousands digit of 242514?
2
What is the tens digit of 6621611?
1
What is the hundreds digit of 101614?
6
What is the units digit of 5931933?
3
What is the thousands digit of 753836?
3
What is the tens digit of 2566331?
3
What is the units digit of 30284351?
1
What is the thousands digit of 123028?
3
What is the tens digit of 33026819?
1
What is the units digit of 3140561?
1
What is the millions digit of 8495841?
8
What is the millions digit of 3907330?
3
What is the thousands digit of 8302039?
2
What is the hundreds digit of 1029500?
5
What is the tens digit of 182945?
4
What is the hundreds digit of 19671?
6
What is the ten thousands digit of 112722?
1
What is the ten thousands digit of 1070957?
7
What is the thousands digit of 3430947?
0
What is the tens digit of 774351?
5
What is the tens digit of 722756?
5
What is the millions digit of 5198873?
5
What is the thousands digit of 4547606?
7
What is the thousands digit of 3146753?
6
What is the hundred thousands digit of 2759483?
7
What is the millions digit of 2510855?
2
What is the hundred thousands digit of 366952?
3
What is the hundreds digit of 229436?
4
What is the hundred thousands digit of 5465759?
4
What is the ten thousands digit of 71465?
7
What is the units digit of 834092?
2
What is the tens digit of 4900158?
5
What is the ten thousands digit of 11211807?
1
What is the ten thousands digit of 519376?
1
What is the units digit of 20473595?
5
What is the hundred thousands digit of 645575?
6
What is the units digit of 546320?
0
What is the ten thousands digit of 4395540?
9
What is the thousands digit of 1155819?
5
What is the units digit of 569896?
6
What is the millions digit of 1092836?
1
What is the hundreds digit of 3536364?
3
What is the tens digit of 320366?
6
What is the tens digit of 13413571?
7
What is the hundred thousands digit of 2246685?
2
What is the tens digit of 327228?
2
What is the hundred thousands digit of 2734764?
7
What is the thousands digit of 3080293?
0
What is the units digit of 2285628?
8
What is the tens digit of 14153052?
5
What is the units digit of 1486878?
8
What is the ten thousands digit of 1266089?
6
What is the thousands digit of 2502781?
2
What is the units digit of 325602?
2
What is the thousands digit of 3641344?
1
What is the ten thousands digit of 8801103?
0
What is the thousands digit of 12572453?
2
What is the units digit of 1444402?
2
What is the hundred thousands digit of 793293?
7
What is the units digit of 13573848?
8
What is the tens digit of 862473?
7
What is the hundred thousands digit of 1020211?
0
What is the thousands digit of 102382?
2
What is the tens digit of 13622?
2
What is the hundreds digit of 16294976?
9
What is the hundreds digit of 10694407?
4
What is the hundreds digit of 8654953?
9
What is the tens digit of 193352?
5
What is the hundreds digit of 123032?
0
What is the units digit of 648314?
4
What is the hundreds digit of 474800?
8
What is the hundred thousands digit of 666284?
6
What is the hundreds digit of 266155?
1
What is the hundred thousands digit of 13415472?
4
What is the tens digit of 955118?
1
What is the hundred thousands digit of 236706?
2
What is the hundred thousands digit of 3376007?
3
What is the thousands digit